s of (n + -10)/(0 + -1)?
3
List the prime factors of 3752/21 + 8/6.
2, 3, 5
Let i(f) = -f + 6. Let g be i(6). Let z be (-1 - g)*-7 + -3. Suppose -5*m + 0*d - z*d + 81 = 0, -m = -d - 9. List the prime factors of m.
13
Let y be -1*(-2 + 0 - -2). Let x = 0 + y. Let i = x - -2. What are the prime factors of i?
2
Let n be (1 - -2) + -1 + -3. Suppose 4 + 4 = 4*k. Let y = k - n. List the prime factors of y.
3
Suppose 0 = -3*n + 5*y + 91, 5*n + 5*y - 57 = 4*n. What are the prime factors of n?
37
Suppose 2*p = -a + 26, a + a + 8 = p. What are the prime factors of p?
2, 3
Let k be 2/2*(6 - 4). Suppose -3*f + 0*o = o - 21, k*o + 6 = 0. List the prime factors of f.
2
Suppose r + 3 - 1 = 0. List the prime factors of 0 - -7 - (-2 - r).
7
Suppose 0 = 2*v + 4 - 22. Suppose s = 2*m - 23, s + v = m - 2*s. List the prime factors of m.
2, 3
Let l(m) = 5*m - 2. Let h be l(-1). Let p = h + 26. What are the prime factors of p?
19
Let u = -150 + 243. What are the prime factors of u?
3, 31
Let w = 31 + -21. What are the prime factors of w?
2, 5
Let b(a) = -a + 36. What are the prime factors of b(0)?
2, 3
Suppose 2*m + 5*d + 28 = 6*m, 0 = -5*m - 5*d + 80. What are the prime factors of 4/24 - (-166)/m?
2, 7
Let p(c) be the third derivative of -3*c**4/8 + c**3/6 + 3*c**2. Let r be p(1). Let n = r + 21. What are the prime factors of n?
13
Suppose -4*g - 16 = -0*g. Let d = -2 - g. Suppose n - 1 - d = 0, -5*a + 4*n + 58 = 0. What are the prime factors of a?
2, 7
Let n(x) = x**3 - 4*x**2 + 7*x + 1. List the prime factors of n(6).
5, 23
Let f be (-14)/(-5) - (-1)/5. Suppose 0 = -f*v - 0*v - 6. List the prime factors of (-1)/v*2*15.
3, 5
Suppose -224 = -5*l - 2*l. List the prime factors of l.
2
Let r(p) = -9*p - 5. Let b(q) = -10*q - 5. Let u(i) = -6*b(i) + 7*r(i). List the prime factors of u(-7).
2
Let f = -4 - -7. List the prime factors of f.
3
Let f = 13 + -9. Suppose 0*m - m = -f*s + 12, 2*s = 2*m - 6. List the prime factors of (-15)/(-10)*m/3.
2
Let p(q) = -q**3 + 13*q**2 + 8*q + 26. List the prime factors of p(13).
2, 5, 13
Suppose -4*q + q = -6. Let t = 17 - 10. Suppose -2*g - q*v = 0, -4*g = -t*g + v + 20. What are the prime factors of g?
5
Let s be ((-10)/4)/((-4)/(-8)). Let m(c) be the first derivative of -c**2 - 7*c - 1. What are the prime factors of m(s)?
3
Let u = 54 - -10. What are the prime factors of u?
2
Let b = 11 + -8. Suppose -b*u - 2*u = -115. What are the prime factors of u?
23
Suppose 5*k + 2*z = 301, 3*k + 0*k - 2*z - 187 = 0. What are the prime factors of k?
61
Let u(n) = 16*n + 1. Let w be u(1). Let v = 8 - w. List the prime factors of 3/v + 129/9.
2, 7
Let n = -1 + 0. Let s = -1 - n. Suppose 2*x - 12 = -3*y + 9, -3*y - 5*x + 12 = s. What are the prime factors of y?
3
Let q = 201 - 131. What are the prime factors of q?
2, 5, 7
Suppose 5*b - 5*h = -3*h + 3, 4*b = -5*h + 9. Let g = 9 - b. List the prime factors of g.
2
Let t be ((-9)/18)/(2/8). Let p be ((-1)/t)/(1/176). Suppose 4*a = -20, -4*f - 27 + p = -a. List the prime factors of f.
2, 7
Suppose 1 = 2*y - 7. Suppose y*m - 13 = -1. What are the prime factors of m?
3
Let j = -8 - -11. Suppose -u = j*u - 20. What are the prime factors of u?
5
Let y(j) = j**3 + 12*j**2 + 14*j - 10. Let q be y(-10). Let n = -9 + q. What are the prime factors of n?
41
Suppose 0 = 2*q - 50 + 6. What are the prime factors of q?
2, 11
Let p(o) = -2*o - 2. Let g be p(-6). Suppose -2 + g = t. What are the prime factors of t?
2
Suppose 2*v - 4 = v. Let t(k) = 5*k - 4. List the prime factors of t(v).
2
Let u(v) = -8*v + 1. Let o(k) = -3*k**2 - k + 1. Let y be o(1). List the prime factors of u(y).
5
Suppose 738 = 2*k + 190. List the prime factors of k.
2, 137
Suppose -2*v + 1 + 23 = 0. Suppose -g + v = g. What are the prime factors of g?
2, 3
Let o(s) = s**2 + 2*s. Let w = 7 + -10. Let u be (-4)/w*(-3)/1. List the prime factors of o(u).
2
Let q(i) = 2*i - 2. Suppose -5*w + 38 = -2*u + 5, -3*u - 3*w - 18 = 0. Let z be 42/(-4)*6/u. List the prime factors of q(z).
2, 3
Suppose -2*n = -4*n + 18. Suppose -4*l = -l - n. What are the prime factors of l?
3
Let k(d) = d**3 - 8*d**2 + 8*d - 8. Let c be k(7). Let b be (-3)/(c + 42/45). Suppose 0 = 4*i + i - b. What are the prime factors of i?
3
Let y = 3 - 6. Suppose -2*u + 26 = -6*u + 2*o, -3*u + 4*o = 22. Let b = y - u. List the prime factors of b.
3
Let q be ((-20)/(-6))/(10/15). Let c be q*(21/15 - 1). What are the prime factors of 30/(-8)*c*-2?
3, 5
Suppose -4*u + 33 = -7*u. Let d = u - -15. Suppose -5*q + 43 = s - 2*s, s = -d*q + 38. What are the prime factors of q?
3
Let j = 13 + -23. Let v be 2/j - (-57)/(-15). List the prime factors of 0/(-1 - 1) - v.
2
What are the prime factors of (3 + (-1348)/28)*-7?
2, 79
Let h = -1 + 1. Let v = h + -1. Let o = v + 6. What are the prime factors of o?
5
Suppose 3*n - 3 = 0, n + 506 = 4*z - 5. List the prime factors of z.
2
Let u = 2 - -1. Suppose 0 = 2*y - 4*o - 6, -o - 2*o = u*y - 9. Suppose 0*j - y*j = -42. List the prime factors of j.
2, 7
Suppose -56 = -5*v - 2*k + 30, 5*v - 74 = 2*k. List the prime factors of v.
2
Suppose -2*z - 4 = -8. Let w be 2 + 0 + z/1. Suppose -5*y = -w*y - 3*k + 9, y + 4*k - 19 = 0. List the prime factors of y.
3
Let y(d) = d**3 + 7*d**2 - 7*d + 10. Let m be y(-8). Suppose -5*p - 2 = -k + m*k, 0 = 3*p - 4*k - 8. Suppose 0 = -p*b + 2*b - 22. List the prime factors of b.
11
Let a(m) = 38*m + 13. What are the prime factors of a(4)?
3, 5, 11
Let a(r) = r - 1. Let o(g) = 2*g - 19. Let f(d) = -6*a(d) + o(d). List the prime factors of f(-13).
3, 13
Suppose -z - 3 = -u + 4, -u = 2*z + 2. Suppose 5*p - 4*o - u = 0, -4 = p - 2*o - 0*o. Let k = p - 0. What are the prime factors of k?
2
Let y(m) = m + 21. Let o be (0 - (0 - 0))/(-2). What are the prime factors of y(o)?
3, 7
Suppose 8*p - 4*p - 996 = 0. What are the prime factors of p?
3, 83
Suppose -5*u + 3*u = -8, 5*c - 5*u = -20. Let j(v) = v + 3*v**2 - 2*v + 16 - 4*v**2. What are the prime factors of j(c)?
2
Let o(p) = -p + 4. Let s be o(4). Let q be (s - 0)/(14/7). Suppose 2*d - 3*j - 23 = 0, 3*d = -q*j + j + 17. What are the prime factors of d?
2
Suppose -5*f = 2*u - 12, 0*u - 4*f = u - 3. Let h(p) = -p + 17. What are the prime factors of h(u)?
2, 3
Let n(h) = 2*h**3 - 3*h**2 + 5*h + 14. Let c(z) = -z**3 + 2*z**2 - 3*z - 7. Let q(a) = 5*c(a) + 3*n(a). What are the prime factors of q(0)?
7
Let p be 27/(-6)*(-12)/(-9). What are the prime factors of 1/3 - 64/p?
11
Suppose y + 658 = 5*c, -4*c - y + 99 + 422 = 0. What are the prime factors of c?
131
List the prime factors of ((-273)/(-28) + 5)/((-2)/(-16)).
2, 59
Suppose 2*s - 20 = s. Suppose 15 = -3*m, 0*j - s = -3*j - 2*m. List the prime factors of j.
2, 5
Let t(h) = h**3 - 2*h**2 - 2*h - 5. Let q be ((-10)/(-15))/(1/6). What are the prime factors of t(q)?
19
Let a(x) = -x**3 + 5*x**2 - 3*x + 1. Let y(r) = r. Let u be y(-2). Let o = u - -6. What are the prime factors of a(o)?
5
Let j = -6 - -10. Suppose -3*h + r = -13, 6 + 4 = -2*h - j*r. What are the prime factors of h?
3
Suppose 3*g - 15 = 0, w + 4*g - 30 = -5. Let r = 8 - w. Suppose -3*q + 2*q + 40 = r*n, -68 = -5*n - 2*q. What are the prime factors of n?
2, 3
Let o be (48/(-10))/((-2)/10). Suppose -d - o = -3*d. What are the prime factors of d?
2, 3
Let k = 259 - 146. List the prime factors of k.
113
Let d = 31 - 21. Let u = d - 8. List the prime factors of u.
2
Let x be 116/36 - (-2)/(-9). Let l(d) = 4*d - 2 + d + 2 - 3. List the prime factors of l(x).
2, 3
Suppose -5 = -h + 4. Let l = h - -1. Suppose t + 4 - l = 0. List the prime factors of t.
2, 3
Let o(h) = -h**2 + 6*h + 1. Let c be o(7). Let b = c + 22. What are the prime factors of b?
2
Suppose 2*u - 2 = -z + 1, 3*u = -z + 2. Let c(q) = -35*q**3 + 2*q + 1. What are the prime factors of c(u)?
2, 17
Suppose -5*a = -0*a - 150. Suppose -k - 3*r - a = -4*k, 24 = 2*k - 3*r. List the prime factors of k.
2, 3
Let f(y) = -y**2 + 5*y + 2. Let l be f(6). What are the prime factors of (l - -2)/(2/(-14))?
2, 7
Suppose -5*k = 3*k - 128. List the prime factors of k.
2
Suppose -3*l + 145 = 4*q + 3, 146 = 4*q + l. What are the prime factors of q?
37
What are the prime factors of (-2086)/(-84) - (-1)/6?
5
Suppose 22 = 4*i - 6. Let w(f) = f**2 - 6*f - 10. Let z be w(i). What are the prime factors of 5/(-2)*6/z?
5
Let i(x) = 3 + 2